, 11, 131
What are the prime factors of 1620?
2, 3, 5
What are the prime factors of 88?
2, 11
What are the prime factors of 15443?
15443
What are the prime factors of 34186?
2, 17093
List the prime factors of 94.
2, 47
List the prime factors of 523.
523
What are the prime factors of 947?
947
List the prime factors of 25512.
2, 3, 1063
List the prime factors of 44463.
3, 14821
List the prime factors of 77214.
2, 3, 17, 757
What are the prime factors of 55484?
2, 11, 13, 97
List the prime factors of 34982.
2, 17491
What are the prime factors of 13522?
2, 6761
What are the prime factors of 4462?
2, 23, 97
What are the prime factors of 3607?
3607
List the prime factors of 4409.
4409
What are the prime factors of 1566?
2, 3, 29
What are the prime factors of 18086?
2, 9043
List the prime factors of 6526.
2, 13, 251
What are the prime factors of 454?
2, 227
What are the prime factors of 2395?
5, 479
What are the prime factors of 26423?
26423
List the prime factors of 4835.
5, 967
List the prime factors of 84.
2, 3, 7
List the prime factors of 16129.
127
What are the prime factors of 44162?
2, 71, 311
What are the prime factors of 732?
2, 3, 61
What are the prime factors of 3196?
2, 17, 47
List the prime factors of 5845.
5, 7, 167
List the prime factors of 159.
3, 53
List the prime factors of 101590.
2, 5, 10159
What are the prime factors of 1368?
2, 3, 19
List the prime factors of 8242.
2, 13, 317
List the prime factors of 22170.
2, 3, 5, 739
What are the prime factors of 6823?
6823
List the prime factors of 55558.
2, 27779
What are the prime factors of 3829?
7, 547
What are the prime factors of 380?
2, 5, 19
List the prime factors of 501.
3, 167
What are the prime factors of 2960?
2, 5, 37
List the prime factors of 1707.
3, 569
What are the prime factors of 427?
7, 61
What are the prime factors of 1654?
2, 827
What are the prime factors of 967?
967
What are the prime factors of 28460?
2, 5, 1423
List the prime factors of 2351.
2351
List the prime factors of 886.
2, 443
List the prime factors of 1606.
2, 11, 73
List the prime factors of 4245.
3, 5, 283
What are the prime factors of 97858?
2, 113, 433
List the prime factors of 7346.
2, 3673
List the prime factors of 10715.
5, 2143
What are the prime factors of 5619?
3, 1873
List the prime factors of 3522.
2, 3, 587
What are the prime factors of 3091?
11, 281
List the prime factors of 2999.
2999
List the prime factors of 480.
2, 3, 5
List the prime factors of 1050.
2, 3, 5, 7
List the prime factors of 750.
2, 3, 5
What are the prime factors of 54294?
2, 3, 9049
What are the prime factors of 1324?
2, 331
What are the prime factors of 1215?
3, 5
What are the prime factors of 174894?
2, 3, 103, 283
What are the prime factors of 4836?
2, 3, 13, 31
What are the prime factors of 95?
5, 19
List the prime factors of 1017.
3, 113
List the prime factors of 32062.
2, 17, 23, 41
What are the prime factors of 52947?
3, 37, 53
List the prime factors of 162645.
3, 5, 7, 1549
What are the prime factors of 17789?
17789
What are the prime factors of 119?
7, 17
List the prime factors of 6474.
2, 3, 13, 83
List the prime factors of 6175.
5, 13, 19
What are the prime factors of 6840?
2, 3, 5, 19
List the prime factors of 659.
659
What are the prime factors of 4971?
3, 1657
List the prime factors of 39890.
2, 5, 3989
List the prime factors of 6.
2, 3
List the prime factors of 745.
5, 149
What are the prime factors of 2050?
2, 5, 41
What are the prime factors of 1085?
5, 7, 31
What are the prime factors of 33066?
2, 3, 11, 167
List the prime factors of 17740.
2, 5, 887
List the prime factors of 14321.
14321
List the prime factors of 120812.
2, 30203
List the prime factors of 2312.
2, 17
List the prime factors of 71296.
2, 557
List the prime factors of 1402.
2, 701
What are the prime factors of 69?
3, 23
List the prime factors of 27630.
2, 3, 5, 307
What are the prime factors of 25648?
2, 7, 229
List the prime factors of 1103.
1103
What are the prime factors of 109568?
2, 107
List the prime factors of 2066.
2, 1033
What are the prime factors of 113331?
3, 37, 1021
List the prime factors of 120390.
2, 3, 5, 4013
List the prime factors of 28705.
5, 5741
List the prime factors of 18173.
17, 1069
List the prime factors of 633.
3, 211
List the prime factors of 18021.
3, 6007
What are the prime factors of 7858?
2, 3929
What are the prime factors of 888?
2, 3, 37
List the prime factors of 40569.
3, 13523
List the prime factors of 51586.
2, 25793
List the prime factors of 93731.
11, 8521
What are the prime factors of 17296?
2, 23, 47
What are the prime factors of 6629?
7, 947
What are the prime factors of 1106?
2, 7, 79
What are the prime factors of 1154?
2, 577
List the prime factors of 12396.
2, 3, 1033
List the prime factors of 13419.
3, 7, 71
What are the prime factors of 16535?
5, 3307
What are the prime factors of 2410?
2, 5, 241
What are the prime factors of 3368?
2, 421
List the prime factors of 60902.
2, 37, 823
List the prime factors of 3991.
13, 307
List the prime factors of 28712.
2, 37, 97
List the prime factors of 4134.
2, 3, 13, 53
List the prime factors of 10855.
5, 13, 167
List the prime factors of 2134.
2, 11, 97
List the prime factors of 129.
3, 43
What are the prime factors of 36872?
2, 11, 419
What are the prime factors of 1523?
1523
What are the prime factors of 52459?
11, 19, 251
List the prime factors of 1825.
5, 73
List the prime factors of 1146.
2, 3, 191
What are the prime factors of 2800?
2, 5, 7
What are the prime factors of 1369?
37
What are the prime factors of 1106?
2, 7, 79
What are the prime factors of 120338?
2, 60169
List the prime factors of 3838.
2, 19, 101
What are the prime factors of 1108?
2, 277
List the prime factors of 19055.
5, 37, 103
What are the prime factors of 71521?
37, 1933
What are the prime factors of 101762?
2, 17, 41, 73
What are the prime factors of 9225?
3, 5, 41
What are the prime factors of 30427?
30427
What are the prime factors of 68933?
29, 2377
List the prime factors of 2864.
2, 179
List the prime factors of 5625.
3, 5
What are the prime factors of 6596?
2, 17, 97
List the prime factors of 8254.
2, 4127
What are the prime factors of 77639?
17, 4567
List the prime factors of 7415.
5, 1483
What are the prime factors of 1600?
2, 5
List the prime factors of 78888.
2, 3, 19, 173
What are the prime factors of 2592?
2, 3
What are the prime factors of 141857?
43, 3299
What are the prime factors of 5455?
5, 1091
List the prime factors of 78.
2, 3, 13
List the prime factors of 2737.
7, 17, 23
What are the prime factors of 125826?
2, 3, 67, 313
What are the prime factors of 6117?
3, 2039
What are the prime factors of 47747?
7, 19, 359
List the prime factors of 3178.
2, 7, 227
List the prime factors of 19238.
2, 9619
List the prime factors of 2367.
3, 263
What are the prime factors of 1116?
2, 3, 31
List the prime factors of 13706.
2, 7, 11, 89
What are the prime factors of 1893?
3, 631
What are the prime factors of 10335?
3, 5, 13, 53
What are the prime factors of 36170?
2, 5, 3617
List the prime factors of 993.
3, 331
What are the prime factors of 9985?
5, 1997
List the prime factors of 125988.
2, 3, 10499
List the prime factors of 802.
2, 401
What are the prime factors of 2946?
2, 3, 491
List the prime factors of 4092.
2, 3, 11, 31
What are the prime factors of 1342?
2, 11, 61
What are the prime factors of 2719?
2719
What are the prime factors of 10950?
2, 3, 5, 73
What are the prime factors of 1428?
2, 3, 7, 17
What are the prime factors of 1910?
2, 5, 191
List the prime factors of 2378.
2, 29, 41
What are the prime factors of 132059?
132059
List the prime factors of 2676.
2, 3, 223
List the prime factors of 23841.
3, 883
What are the prime factors of 25136?
2, 1571
What are the prime factors of 29931?
3, 11, 907
What are the prime factors of 6460?
2, 5, 17, 19
What are the prime factors of 52618?
2, 26309
What are the prime factors of 3826?
2, 1913
List the prime factors of 81743.
43, 1901
List the prime factors of 1255.
5, 251
List the prime factors of 7684.
2, 17, 113
What are the prime factors of 829?
829
List the prime factors of 54769.
11, 13, 383
List the prime factors of 1812.
2, 3, 151
List the prime factors of 64488.
2, 3, 2687
What are the prime factors of 41802?